). Give x(0).
3
Let h(t) = t. Let z = -12 + 10. Give h(z).
-2
Let i(w) = -w**2 - 5*w - 2. Let g be ((-2 + 1)*-1)/((-3)/15). What is i(g)?
-2
Let m be (-81)/(-63) - (-2)/(-7). Let x(r) = r + 1. Let d(s) = s**2 - 5*s - 6. Let n(f) = m*d(f) + 2*x(f). Calculate n(3).
-4
Let r = 7 - 7. Let f(q) = r + 6 - 5 + 7*q - q**2. Calculate f(6).
7
Let w = 5 - 5. Let l(z) = 5 + w*z - 4*z + 5*z - 2. Give l(4).
7
Let g(j) = 4 + 3*j + j**2 + 2*j + 2 + j. What is g(-4)?
-2
Let q(u) = u**2 - u - 8. Let x be 18/(-30) + 9/15 + 0. Give q(x).
-8
Suppose -4*r - 28 = -6*r. Let d(a) = a**2 - r*a - 1 + 0 + 7*a. What is d(6)?
-7
Suppose 4*q + 0*q = -5*h - 8, 3*h = -12. Suppose -3*y - f = -6*f + 8, q*y + 26 = -4*f. Let l(m) = m + 2. Determine l(y).
-4
Suppose -5 = -5*q + 5. Suppose 0*f - q*f - 4 = -a, 0 = 5*a + f + 2. Let b(n) = 2*n**2 + 6 - n + 0 - 3*n**2 + n**3. Calculate b(a).
6
Let y be (1 - -1 - 2) + 0. Let g = y - 0. Let h(w) = w**3 + w - 1. Let x be h(g). Let t(l) = -4*l**3 + l**2 + l. Determine t(x).
4
Let s(p) be the third derivative of -p**4/24 + p**3/6 - 2*p**2. Suppose 6*l - 5 = l - 2*q, q = 0. What is s(l)?
0
Let m(x) = 2 - 3 + 3*x + 3. Suppose -2*b + 2 = b + 2*l, -4*l - 2 = 3*b. Give m(b).
8
Let t(u) = u - 1. Suppose 5*l - 3*v = -43, 5*v = 2*l + 3 + 18. Let y = l - -2. Let j = 10 + y. Determine t(j).
3
Suppose -4*i + 5*i = -30. Let d be i/8 + 8/(-32). Let r(g) = g**3 + 3*g**2 - 2*g + 1. What is r(d)?
-7
Let g(j) = j**3 + 3*j**2 - 5*j - 3. Let d = 28 + -4. Suppose 2*r = -0*r + 4*u - d, -5*r + 2*u = 28. Let y be g(r). Let q(h) = 7*h**3 + h. Give q(y).
8
Suppose 4*v + 5 = -5*b + v, -9 = 3*b + 3*v. Let f(z) = -z**b - 3 - 2*z + 7*z + 0*z. Give f(4).
1
Suppose -3*w + 0 = -3, -2*w = -k - 8. Let m(o) = -6*o**3 + 10*o**2 - 9*o - 1. Let i(r) = 7*r**3 - 11*r**2 + 10*r + 1. Let g(n) = k*m(n) - 5*i(n). What is g(3)?
-5
Let d(j) be the first derivative of -j**2 - 9*j + 27. Give d(-6).
3
Let m(i) = -3*i + 3. Let d(p) = -2*p + 1. Let z(o) = 5*d(o) - 3*m(o). What is z(-7)?
3
Suppose 11*l + 22 = -33. Let r = -4 + 6. Let z(j) = -2 - r*j**3 + j**3 - 5*j**2 + 5 + 2*j. Determine z(l).
-7
Let h(k) = -k + 6. Suppose -5*r - 29 - 12 = -4*a, -r = 3*a - 7. Give h(r).
11
Let s(m) = m + 8. Let d(r) = -r**2 + 1. Let j be d(0). Let i be 6/j*(2 + -3). Calculate s(i).
2
Let c = 6 + -2. Suppose c*k = -6*f + 5*f + 25, 2*k - 5*f - 7 = 0. Let y = 3 - k. Let q(g) = g. Give q(y).
-3
Let n(i) = 1 - 40*i + 21*i + 20*i. What is n(1)?
2
Let i(p) = p**2 + p - 4. Let h(m) = 9*m - 7 + 4*m**2 - 3*m**2 - 7*m + 3. Let w(x) = 6*h(x) - 5*i(x). Give w(-6).
-10
Let p = -9 - -13. Let n(k) = -p*k + 3*k + 4 - 4. Calculate n(-2).
2
Suppose 0 = 3*u + 2*b - 0*b - 8, -b + 4 = 5*u. Let x(g) = 5*g**3 - 2*g - 7. Let a(q) = 2*q**3 - q - 4. Let v(w) = -7*a(w) + 3*x(w). Calculate v(u).
7
Let g(v) = v**2 + 4*v + 2. Let w = 22 + -31. Let d = 6 + w. Calculate g(d).
-1
Let v(q) = 2*q - 1. Let o be (2 - (-1 - 2))/1. Suppose o*s + 13 = 38. Give v(s).
9
Let r(o) = o**3 + 2*o**2 + 4*o + 2. Let p be -1 + (-3 - -6) + -5. What is r(p)?
-19
Suppose 5*k + 2*x = 10, 2*x + 2*x = -3*k + 6. Suppose -k - 3 = -5*i. Let a(n) = -n - n - 7*n**3 - n**2 - 1 + 3*n. Calculate a(i).
-8
Suppose -4*x + 3*m = 4, -m - 2 = -2*x - x. Let q(w) = -2*w**2 + 3*w - 2. Calculate q(x).
-4
Let r(y) be the third derivative of y**6/720 - y**5/120 + y**4/12 - y**2. Let n(d) be the second derivative of r(d). Let v = 8 - 9. Give n(v).
-2
Let c(k) = -4*k - k**2 + 0*k**2 + 3*k + 0 + 1. Let m(h) = -5*h**2 - 6*h + 8. Let j(z) = 6*c(z) - m(z). Calculate j(-2).
-6
Let f(l) = -l**3 - 3*l**2 + 7*l + 6. Suppose -z = -3*s + 35, 4*s + z = 6*z + 43. Suppose -6*r + 3*r = s. Calculate f(r).
-6
Let f(d) = -d**2 + 4*d - 2. Suppose 0 = 2*w + 10, -5*k = 5*w - 0*w - 25. Let m be (-4)/k - (-34)/10. Determine f(m).
1
Let n(g) = 20*g + g**3 - 7 + 0*g**3 + 0*g**2 - 19*g + g**2. What is n(0)?
-7
Let k be (-12)/10*(-40)/12. Suppose 0*t + 5*r = 2*t + 25, 20 = -3*t + k*r. Let o(n) = n**2 - n + 5. Give o(t).
5
Let s(o) be the first derivative of -1 + 0*o + 7/2*o**2 + 1/3*o**3. Determine s(-5).
-10
Let v(n) = 0*n**2 - 3*n**2 - 2*n + 2 + 4*n**2. Suppose -22 = -5*b - 7. Determine v(b).
5
Let j(a) = -4*a - a**2 + 4 + a - 3 + 4*a. Let b(d) = 2*d. Let v(m) = -b(m) - j(m). Suppose 16 = t + 3*z, -2*z + 5*z - 28 = -4*t. Determine v(t).
3
Let r(h) = 5*h. Let u(m) = -2*m**3 + 3*m**2 - m. Let o be u(2). Let y be (5/3)/((-2)/o). Suppose -4*d + 16 = -4*j, -4*d + 15 + 2 = -y*j. Determine r(j).
-5
Let m(o) = -o + 9 - 19 + 8. Give m(-4).
2
Let q(c) be the third derivative of -c**6/120 + c**5/60 - c**4/24 + 2*c**3/3 - 19*c**2. What is q(0)?
4
Let o(b) = b**2 + 6*b - 3. Let g = 13 - 10. Suppose -5*h - j - 33 = 0, 34 = -g*h - 3*j + 7. Calculate o(h).
-3
Let h be ((-2)/(-4))/(4/16). Let r(x) = -2*x - 2*x**h + 7*x**2 + 3 - 2 - x**3 - 2*x**2. Give r(3).
-5
Let j(b) = b + 9. Let h = -19 - -11. Let l be j(h). Let w(d) = -4*d - l - d**2 + 0 + 2*d. Calculate w(-3).
-4
Suppose 0 = -4*a - a - 5. Let r be (a - -3) + (1 - 0). Let c(k) = -1 - 2*k**2 - k**r - 4*k + 2*k + 0*k**3. Give c(-2).
3
Let u = 5 - 2. Suppose -u*n = -6*n - 15. Let g(i) = 5*i**2 + 31*i - 15. Let z(w) = w**2 + 6*w - 3. Let f(q) = 2*g(q) - 11*z(q). Give f(n).
-2
Let r(q) = 12*q**2 + 2*q + 1. Let t be (-1)/((-1 + 0)*(3 + -4)). Calculate r(t).
11
Let s(t) be the second derivative of 2*t**2 - 1/3*t**3 - 7*t + 0. Determine s(5).
-6
Let o(f) be the third derivative of -f**5/15 + f**4/12 + f**3/6 + 8*f**2. What is o(2)?
-11
Let s(m) = m**3 + 6*m**2 + 2*m - 7. Let c = 31 - 37. Give s(c).
-19
Let q = 9/34 - -4/17. Let p(d) be the second derivative of -1/12*d**4 - 2*d + 0 + 5/2*d**2 + q*d**3. What is p(5)?
-5
Let w(f) be the second derivative of 0 - 1/2*f**2 - 1/12*f**4 + 0*f**3 + 6*f. What is w(3)?
-10
Let o(w) = w**3 + 7*w**2 + 12*w + 5. Let x be o(-5). Let k(c) = c**3 + 4*c**2 - c - 1. Determine k(x).
-21
Let y(z) = -5*z - 31. Suppose -5*d + 3*c = -15, 2*d + 2 - 8 = -5*c. Let b(x) = -x + d + 0*x - 9. Let r(k) = 11*b(k) - 2*y(k). Calculate r(5).
-9
Let w be 730/40 - (-1)/(-4). Let d(l) = -17*l - 2*l**3 + l**3 + 2*l**2 + w*l. Calculate d(2).
2
Suppose -12 - 9 = v + 5*s, -2*s - 66 = 4*v. Suppose 4*w = 4*d + 3*w - 29, 0 = 3*w + 15. Let y be v/d*(-6)/(-4). Let r(p) = p - 5. What is r(y)?
-9
Suppose 3*c - 2*j = 28, -j = -2*c + 12 + 6. Suppose -5*z = -4*z - 4, -n - 3*z = -c. Let q(a) = -a**3 - 5*a**2 - 7*a - 5. Determine q(n).
7
Let a(q) = -2*q + q + 2*q - 1. Let o be 3/((-2)/(-4) - 0). What is a(o)?
5
Let l(s) = s + 1. Let a be l(-5). Let g(v) = -13*v + 8. Let m(u) = -8*u + 5. Let t(x) = -5*g(x) + 8*m(x). What is t(a)?
-4
Let m(a) = 4*a**3 - a**2 - a - 1. Let o(p) = 5*p**3 - 2*p - 1. Let j(r) = r**3 + 3*r**2 + r + 1. Let f be j(-2). Let w(u) = f*o(u) - 4*m(u). Calculate w(3).
4
Let r be 56/12 + 2/6. Let f be 1 + r/((-15)/(-6)). Let n(p) = -4*p - p**3 + p**2 - 2 + p**2 + 6*p. Give n(f).
-5
Let x(g) = 3*g**2 + g + 1. Let j(u) = -2*u**2. Let f(i) = -4*j(i) - 3*x(i). Let p = 18 + -22. What is f(p)?
-7
Let j(h) = -h**3 - 2*h**2 + 3*h + 4. Suppose -4*x - 3*b - b = 4, 0 = -2*x - b - 5. Calculate j(x).
24
Let m(j) = -j**2 - 4*j + 1. Let u be 1*6*3/6. Let v = u - 5. Determine m(v).
5
Let u = -2 - -4. Let g(m) = 0*m**2 + 8*m**2 + 7*m - m**3 + 1 - 6 + u*m**3. Let n be g(-7). Let b(z) = z**3 + 4*z**2 - 5*z - 3. Give b(n).
-3
Suppose -2*k - 20 = 3*k. Let c(i) = 6*i**2 - 9*i + 7. Let p(y) = y**2 - 2*y + 1. Let f(h) = -2*c(h) + 11*p(h). Determine f(k).
-3
Let q(l) be the second derivative of l**3/6 + 5*l**2/2 - l. Let y be 6/24 - 1/4. Suppose -4*w = 5*t + 20, -4*t + y*w - 16 = -2*w. Calculate q(t).
1
Let h(f) = -1. Suppose 4*g + 0*g = 8. Let p(w) = -2*w - 4. Let m(y) = g*h(y) - p(y). What is m(-2)?
-2
Let d(j) = j**3 + 5*j**2 + 2*j - 4. Let y(p) = -2*p**3 + 3*p**2. Let l be 0/(-4 + 2) + 1. Suppose -k = v - l, -4*k = -1 + 5. Let t be y(v). What is d(t)?
4
Let j(o) = 5*o**3 + 6*o**2 - o - 3. Let z(w) = 6*w**3 + 7*w**2 - w - 3. Let p(r) = -7*j(r) + 6*z(r). What is p(0)?
3
Let g(p) be the first derivative of -p**2/2 - 8*p + 10. What is g(-10)?
2
Let k(c) = 4*c + c**3 + 4*c**2 - 3*c**2 + 3*c**2 + 3. Let z = 8 - 11. What is k(z)?
0
Let m(r) be the second derivative of r**5/20 + r**4/4 + 2*r**2 - 8*r. Let g = -9 + 6. Calculate m(g).
4
Let x(k) be the first derivative of 8*k**3/3 + k**2 + k